68?
-266027
In base 11, what is 16aaa6 + -12?
16aa94
In base 2, what is 1001000011001 + -1000100001?
111111111000
In base 14, what is -11298b6 - b?
-11298c3
In base 13, what is -69 + -80bc7?
-80c63
In base 4, what is 31031031313 + 12?
31031031331
In base 11, what is -17a575 - 52?
-17a617
In base 15, what is 67 - -756c7?
7573e
In base 15, what is -2254105 - 0?
-2254105
In base 6, what is -254255 - 1301?
-300000
In base 5, what is 22200 + 14144412?
14222112
In base 3, what is 2120102 + 21110100?
101000202
In base 14, what is -1924 + -8ac8?
-a60c
In base 4, what is -13303210211212 + 0?
-13303210211212
In base 10, what is -5 + -28490947?
-28490952
In base 5, what is 20 - -1243114023?
1243114043
In base 13, what is -17a50857 + -4?
-17a5085b
In base 5, what is 2113234 - -43?
2113332
In base 7, what is -1556561 + -22?
-1556613
In base 12, what is -14ab935 - -20?
-14ab915
In base 6, what is -2103210022 - -1?
-2103210021
In base 16, what is 6b41c0 - -6?
6b41c6
In base 9, what is -1 + 4573627?
4573626
In base 8, what is 2 + 676214?
676216
In base 2, what is -11010011001 - -10110010001000?
10010111101111
In base 7, what is -4645513646 - 3?
-4645513652
In base 8, what is -51104330 + 3?
-51104325
In base 6, what is -3 + -34225434?
-34225441
In base 2, what is -100000000111 + 11011100110001111?
11011000110001000
In base 7, what is 33 + -4635221?
-4635155
In base 14, what is -d8b521 + -c?
-d8b52d
In base 6, what is 411301 + 2302?
414003
In base 6, what is 1 - 2305515020?
-2305515015
In base 12, what is 13348920 + -2?
1334891a
In base 10, what is 92029 + 5?
92034
In base 12, what is -487 + 20213?
1b948
In base 7, what is 204 + -120105?
-116601
In base 13, what is -13a + 2c2a37?
2c28ca
In base 2, what is -10001111011001011 + 1001011?
-10001111010000000
In base 14, what is -bb8 - 49a0?
-5778
In base 6, what is 1003 - -1320401?
1321404
In base 13, what is 2381ba + 4?
2381c1
In base 5, what is 0 + 33122023302?
33122023302
In base 5, what is -11 - 1124133302?
-1124133313
In base 15, what is 74 - 207826?
-2077a2
In base 10, what is -322570123 + 2?
-322570121
In base 11, what is 4 + 93118?
93121
In base 15, what is -1aa5 + -e9a?
-2a50
In base 2, what is -101 + 100010000101001100000110?
100010000101001100000001
In base 13, what is -1 - 457c35?
-457c36
In base 3, what is -2220102 - 2002100000?
-2012020102
In base 8, what is 0 - -111566604?
111566604
In base 2, what is 1110100111100100 - -1100010010?
1110110011110110
In base 13, what is 1279 - b303?
-a057
In base 4, what is 2 - 1103132022020?
-1103132022012
In base 8, what is -1 - -1045162507?
1045162506
In base 7, what is 11035105466 + -5?
11035105461
In base 3, what is -2022121 + 112121020?
110021122
In base 9, what is -33330284 - -44?
-33330240
In base 2, what is -1001010101000100000011 - 101?
-1001010101000100001000
In base 12, what is -29071 + 163?
-28b0a
In base 2, what is -11111101001100000101000010 + 100?
-11111101001100000100111110
In base 5, what is -300344 - 1213?
-302112
In base 8, what is -23373 - -4307?
-17064
In base 9, what is -652757362 + 1?
-652757361
In base 10, what is -20 - 323938?
-323958
In base 16, what is 31 + -871a1f?
-8719ee
In base 5, what is 20143241 + 11313?
20210104
In base 6, what is -1 - 13045213234?
-13045213235
In base 7, what is -412605342 - -3?
-412605336
In base 10, what is 8 + 3018463?
3018471
In base 14, what is 8 + -9c472?
-9c468
In base 5, what is -2343004 - -2241?
-2340213
In base 4, what is -320112032 - 232?
-320112330
In base 2, what is 0 + 111111011101100100100100110?
111111011101100100100100110
In base 16, what is 1528c - -115?
153a1
In base 3, what is 111010 + -1001201202011?
-1001201021001
In base 11, what is 5266 - 3753?
1613
In base 2, what is 11 - 101111010111110100100010?
-101111010111110100011111
In base 10, what is 2784488 - 4?
2784484
In base 9, what is -340851206 - -5?
-340851201
In base 7, what is 134356205 + 44?
134356252
In base 3, what is -100211020012210011 - 11?
-100211020012210022
In base 8, what is -430742 - -221?
-430521
In base 3, what is 20211211002202 + -2020?
20211211000112
In base 14, what is -1 - -4946cd?
4946cc
In base 13, what is -4 - -c5cca?
c5cc6
In base 5, what is 142 - -310123420?
310124112
In base 12, what is a + -228816?
-228808
In base 16, what is 309e + 204b?
50e9
In base 2, what is -1 + 111101011101100001011?
111101011101100001010
In base 3, what is -10000221100 - 2110120?
-10010101220
In base 12, what is 20247b + 210?
20268b
In base 5, what is 1322224 - -211?
1322440
In base 2, what is 111101110001101001101 - 101101?
111101110001100100000
In base 12, what is 14a1 - -2690?
3b71
In base 2, what is 1011010010111000101 - -1000000?
1011010011000000101
In base 5, what is -114 + 31311242?
31311123
In base 10, what is -9 - -3310055?
3310046
In base 4, what is 2022100 + 120201?
2202301
In base 2, what is 1000010100011011110000001110 + 10?
1000010100011011110000010000
In base 14, what is b07dc - a6?
b0736
In base 8, what is 263 - 652751?
-652466
In base 4, what is 1002213210210 + -10?
1002213210200
In base 8, what is 17107320 + 1?
17107321
In base 14, what is -3 + 1286775a?
12867757
In base 7, what is -11542 - -204?
-11335
In base 14, what is -9 - 675d8?
-67603
In base 16, what is -23c63a + d?
-23c62d
In base 13, what is -750bb3 + 74?
-750b3c
In base 13, what is -78c + 46b7?
3c28
In base 7, what is -204542112 + 10?
-204542102
In base 11, what is 10402a09 + -4?
10402a05
In base 2, what is 1010011111010010011 + -1000?
1010011111010001011
In base 5, what is 411001344301 + 1?
411001344302
In base 12, what is -118a6 + 643?
-11263
In base 13, what is 19 + -39c663?
-39c647
In base 2, what is -1001100 - -111000001010110111110?
111000001010101110010
In base 16, what is -f245 + f9?
-f14c
In base 12, what is 16 - -12928?
12942
In base 12, what is 12457ab - 2?
12457a9
In base 10, what is 4 + 23721?
23725
In base 15, what is 5 - -1363302?
1363307
In base 11, what is 5a1 + -579a?
-51a9
In base 6, what is 1340305124 - -12?
1340305140
In base 15, what is -63868 - 2cb?
-63b44
In base 8, what is -3 + 2374443067?
2374443064
In base 12, what is 1075419 - -2?
107541b
In base 14, what is 1b4ca72 - -4?
1b4ca76
In base 13, what is 1419 - 634a?
-4c31
In base 8, what is 43240544 + 35?
43240601
In base 5, what is -2 + 23433321212?
23433321210
In base 13, what is -395 - 6004a?
-60412
In base 9, what is 1714773 - 40?
1714733
In base 15, what is -89ec3ebd + -4?
-89ec3ec2
In base 6, what is -2 + 22450335244?
22450335242
In base 12, what is -1 - -41340b7?
41340b6
In base 8, what is 6327 - 17112?
-10563
In base 5, what is -1 + -4111203124?
-4111203130
In base 16, what is -11ba1 - -22?
-11b7f
In base 16, what is 13772ba + -5?
13772b5
In base 15, what is 3377c66 + 4?
3377c6a
In base 10, what is -100 + 2691458?
2691358
In base 10, what is -21820 - 552?
-22372
In base 16, what is 1e8f7 - 1026?
1d8d1
In base 11, what is -23929 + 67?
-23872
In base 7, what is -15035336122 - 1?
-15035336123
In base 4, what is 11300022 - -1332?
11302020
In base 12, what is -66920817 + 4?
-66920813
In base 11, what is 0 - 16536019?
-16536019
In base 7, what is 14544 + -26010?
-11133
In base 6, what is 12 + -22525203?
-22525151
In base 5, what is 114221030 + 13?
114221043
In base 9, what is -112303 - -51342?
-50851
In base 8, what is 4160 + 670373?
674553
In base 12, what is -b + -3957b427?
-3957b436
In base 14, what is -4 - -b50869?
b50865
In base 9, what is -2623465110 - -2?
-2623465107
In base 12, what is -2745b36 - -4?
-2745b32
In base 16, what is 9 + -200deb?
-200de2
In base 12, what is -9605 + 1b7?
-940a
In base 6, what is -21014 - -111012?
45554
In base 9, what is 2235743 - 7?
2235735
In base 2, what is 1110011 - 1001100110111011010?
-1001100110101100111
In base 15, what is -15c2cb3 + 12?
-15c2ca1
In base 16, what is -20c - -c95d?
c751
In base 9, what is 78 + -222215?
-222126
In base 7, what is -5 + -6145601263?
-6145601301
In base 12, what is 88b + 4286?
4b55
In base 13, what is -29b + 52098?
51aca
In base 10, what is -265726937 + 4?
-265726933
In base 11, what is 24212 - -363?
24575
In base 11, what is 2a310a - 127?
2a2a93
In base 2, what is -1100 + -11101001110111011010100?
-11101001110111011100000
In base 5, what is 131 + 13044232013?
13044232144
In base 4, what is 320 - 21200130003?
-2120